{"id":110,"date":"2014-04-10T21:21:54","date_gmt":"2014-04-10T21:21:54","guid":{"rendered":"https:\/\/amigosdeltercertercio.com\/web\/?page_id=110"},"modified":"2016-03-15T16:16:27","modified_gmt":"2016-03-15T16:16:27","slug":"saluda-del-sr-coronel-jefe-del-tercio","status":"publish","type":"page","link":"https:\/\/amigosdeltercertercio.com\/web\/saluda-del-sr-coronel-jefe-del-tercio\/","title":{"rendered":"Saluda"},"content":{"rendered":"<h4 style=\"text-align: justify;\">\u00a0\u00a0<img loading=\"lazy\" decoding=\"async\" class=\" size-full wp-image-3989 alignleft\" src=\"https:\/\/amigosdeltercertercio.com\/web\/wp-content\/uploads\/2016\/03\/200px-Coat_of_Arms_of_the_3rd_Spanish_Legion_Tercio_Don_Juan_de_Austria.svg_.png\" alt=\"200px-Coat_of_Arms_of_the_3rd_Spanish_Legion_Tercio_Don_Juan_de_Austria.svg\" width=\"200\" height=\"252\" \/><\/h4>\n<h4 style=\"text-align: justify;\"><\/h4>\n<p>&nbsp;<\/p>\n<p>&nbsp;<\/p>\n<p>&nbsp;<\/p>\n<h4><\/h4>\n<p>&nbsp;<\/p>\n<p>&nbsp;<\/p>\n<p>&nbsp;<\/p>\n<h4>Querido \u201camigo\u201d del Tercer Tercio.<\/h4>\n<p style=\"text-align: justify;\">Le doy la bienvenida a esta p\u00e1gina.<\/p>\n<p style=\"text-align: justify;\">P\u00e1gina que desde su creaci\u00f3n no ha tenido otra finalidad que servir como nexo de uni\u00f3n permanente entre todos aquellos que, de distintas formas y por diferentes motivos, han estado y siguen estando ligados a este Tercio.<\/p>\n<p style=\"text-align: justify;\">P\u00e1gina llena de historia, presente y futuro de nuestra unidad, que espero disfrute y en lo posible enriquezca con aquellos recuerdos, documentos gr\u00e1ficos, que procedentes de distintas \u00e9pocas, acuartelamientos, de nuestra unidad pueda aportarnos. Todos son interesantes. Todos contribuyen a mantener esta p\u00e1gina viva.<\/p>\n<p style=\"text-align: justify;\">No dude en ponerse en contacto con nosotros ante cualquier inquietud.<\/p>\n<p style=\"text-align: justify;\">Muchas gracias<\/p>\n<p style=\"text-align: justify;\">Un afectuoso saludo<\/p>\n","protected":false},"excerpt":{"rendered":"<p>\u00a0\u00a0 &nbsp; &nbsp; &nbsp; &nbsp; &nbsp; &nbsp; Querido \u201camigo\u201d del Tercer Tercio. Le doy la bienvenida a esta p\u00e1gina. P\u00e1gina que desde su creaci\u00f3n no ha tenido otra finalidad que servir como nexo de uni\u00f3n permanente entre todos aquellos que, de distintas formas y por diferentes motivos, han estado y siguen estando ligados a este [&hellip;]<\/p>\n","protected":false},"author":1,"featured_media":0,"parent":0,"menu_order":0,"comment_status":"closed","ping_status":"closed","template":"","meta":{"ocean_post_layout":"","ocean_both_sidebars_style":"","ocean_both_sidebars_content_width":0,"ocean_both_sidebars_sidebars_width":0,"ocean_sidebar":"","ocean_second_sidebar":"","ocean_disable_margins":"enable","ocean_add_body_class":"","ocean_shortcode_before_top_bar":"","ocean_shortcode_after_top_bar":"","ocean_shortcode_before_header":"","ocean_shortcode_after_header":"","ocean_has_shortcode":"","ocean_shortcode_after_title":"","ocean_shortcode_before_footer_widgets":"","ocean_shortcode_after_footer_widgets":"","ocean_shortcode_before_footer_bottom":"","ocean_shortcode_after_footer_bottom":"","ocean_display_top_bar":"default","ocean_display_header":"default","ocean_header_style":"","ocean_center_header_left_menu":"","ocean_custom_header_template":"","ocean_custom_logo":0,"ocean_custom_retina_logo":0,"ocean_custom_logo_max_width":0,"ocean_custom_logo_tablet_max_width":0,"ocean_custom_logo_mobile_max_width":0,"ocean_custom_logo_max_height":0,"ocean_custom_logo_tablet_max_height":0,"ocean_custom_logo_mobile_max_height":0,"ocean_header_custom_menu":"","ocean_menu_typo_font_family":"","ocean_menu_typo_font_subset":"","ocean_menu_typo_font_size":0,"ocean_menu_typo_font_size_tablet":0,"ocean_menu_typo_font_size_mobile":0,"ocean_menu_typo_font_size_unit":"px","ocean_menu_typo_font_weight":"","ocean_menu_typo_font_weight_tablet":"","ocean_menu_typo_font_weight_mobile":"","ocean_menu_typo_transform":"","ocean_menu_typo_transform_tablet":"","ocean_menu_typo_transform_mobile":"","ocean_menu_typo_line_height":0,"ocean_menu_typo_line_height_tablet":0,"ocean_menu_typo_line_height_mobile":0,"ocean_menu_typo_line_height_unit":"","ocean_menu_typo_spacing":0,"ocean_menu_typo_spacing_tablet":0,"ocean_menu_typo_spacing_mobile":0,"ocean_menu_typo_spacing_unit":"","ocean_menu_link_color":"","ocean_menu_link_color_hover":"","ocean_menu_link_color_active":"","ocean_menu_link_background":"","ocean_menu_link_hover_background":"","ocean_menu_link_active_background":"","ocean_menu_social_links_bg":"","ocean_menu_social_hover_links_bg":"","ocean_menu_social_links_color":"","ocean_menu_social_hover_links_color":"","ocean_disable_title":"default","ocean_disable_heading":"default","ocean_post_title":"","ocean_post_subheading":"","ocean_post_title_style":"","ocean_post_title_background_color":"","ocean_post_title_background":0,"ocean_post_title_bg_image_position":"","ocean_post_title_bg_image_attachment":"","ocean_post_title_bg_image_repeat":"","ocean_post_title_bg_image_size":"","ocean_post_title_height":0,"ocean_post_title_bg_overlay":0.5,"ocean_post_title_bg_overlay_color":"","ocean_disable_breadcrumbs":"default","ocean_breadcrumbs_color":"","ocean_breadcrumbs_separator_color":"","ocean_breadcrumbs_links_color":"","ocean_breadcrumbs_links_hover_color":"","ocean_display_footer_widgets":"default","ocean_display_footer_bottom":"default","ocean_custom_footer_template":"","footnotes":""},"class_list":["post-110","page","type-page","status-publish","hentry","entry"],"yoast_head":"<!-- This site is optimized with the Yoast SEO plugin v27.4 - https:\/\/yoast.com\/product\/yoast-seo-wordpress\/ -->\n<title>Saluda -<\/title>\n<meta name=\"robots\" content=\"index, follow, max-snippet:-1, max-image-preview:large, max-video-preview:-1\" \/>\n<link rel=\"canonical\" href=\"https:\/\/amigosdeltercertercio.com\/web\/saluda-del-sr-coronel-jefe-del-tercio\/\" \/>\n<meta property=\"og:locale\" content=\"es_ES\" \/>\n<meta property=\"og:type\" content=\"article\" \/>\n<meta property=\"og:title\" content=\"Saluda -\" \/>\n<meta property=\"og:description\" content=\"\u00a0\u00a0 &nbsp; &nbsp; &nbsp; &nbsp; &nbsp; &nbsp; Querido \u201camigo\u201d del Tercer Tercio. Le doy la bienvenida a esta p\u00e1gina. P\u00e1gina que desde su creaci\u00f3n no ha tenido otra finalidad que servir como nexo de uni\u00f3n permanente entre todos aquellos que, de distintas formas y por diferentes motivos, han estado y siguen estando ligados a este [&hellip;]\" \/>\n<meta property=\"og:url\" content=\"https:\/\/amigosdeltercertercio.com\/web\/saluda-del-sr-coronel-jefe-del-tercio\/\" \/>\n<meta property=\"article:modified_time\" content=\"2016-03-15T16:16:27+00:00\" \/>\n<meta property=\"og:image\" content=\"https:\/\/amigosdeltercertercio.com\/web\/wp-content\/uploads\/2016\/03\/200px-Coat_of_Arms_of_the_3rd_Spanish_Legion_Tercio_Don_Juan_de_Austria.svg_.png\" \/>\n<meta name=\"twitter:card\" content=\"summary_large_image\" \/>\n<meta name=\"twitter:label1\" content=\"Tiempo de lectura\" \/>\n\t<meta name=\"twitter:data1\" content=\"1 minuto\" \/>\n<script type=\"application\/ld+json\" class=\"yoast-schema-graph\">{\"@context\":\"https:\\\/\\\/schema.org\",\"@graph\":[{\"@type\":\"WebPage\",\"@id\":\"https:\\\/\\\/amigosdeltercertercio.com\\\/web\\\/saluda-del-sr-coronel-jefe-del-tercio\\\/\",\"url\":\"https:\\\/\\\/amigosdeltercertercio.com\\\/web\\\/saluda-del-sr-coronel-jefe-del-tercio\\\/\",\"name\":\"Saluda -\",\"isPartOf\":{\"@id\":\"https:\\\/\\\/amigosdeltercertercio.com\\\/web\\\/#website\"},\"primaryImageOfPage\":{\"@id\":\"https:\\\/\\\/amigosdeltercertercio.com\\\/web\\\/saluda-del-sr-coronel-jefe-del-tercio\\\/#primaryimage\"},\"image\":{\"@id\":\"https:\\\/\\\/amigosdeltercertercio.com\\\/web\\\/saluda-del-sr-coronel-jefe-del-tercio\\\/#primaryimage\"},\"thumbnailUrl\":\"https:\\\/\\\/amigosdeltercertercio.com\\\/web\\\/wp-content\\\/uploads\\\/2016\\\/03\\\/200px-Coat_of_Arms_of_the_3rd_Spanish_Legion_Tercio_Don_Juan_de_Austria.svg_.png\",\"datePublished\":\"2014-04-10T21:21:54+00:00\",\"dateModified\":\"2016-03-15T16:16:27+00:00\",\"breadcrumb\":{\"@id\":\"https:\\\/\\\/amigosdeltercertercio.com\\\/web\\\/saluda-del-sr-coronel-jefe-del-tercio\\\/#breadcrumb\"},\"inLanguage\":\"es\",\"potentialAction\":[{\"@type\":\"ReadAction\",\"target\":[\"https:\\\/\\\/amigosdeltercertercio.com\\\/web\\\/saluda-del-sr-coronel-jefe-del-tercio\\\/\"]}]},{\"@type\":\"ImageObject\",\"inLanguage\":\"es\",\"@id\":\"https:\\\/\\\/amigosdeltercertercio.com\\\/web\\\/saluda-del-sr-coronel-jefe-del-tercio\\\/#primaryimage\",\"url\":\"https:\\\/\\\/amigosdeltercertercio.com\\\/web\\\/wp-content\\\/uploads\\\/2016\\\/03\\\/200px-Coat_of_Arms_of_the_3rd_Spanish_Legion_Tercio_Don_Juan_de_Austria.svg_.png\",\"contentUrl\":\"https:\\\/\\\/amigosdeltercertercio.com\\\/web\\\/wp-content\\\/uploads\\\/2016\\\/03\\\/200px-Coat_of_Arms_of_the_3rd_Spanish_Legion_Tercio_Don_Juan_de_Austria.svg_.png\",\"width\":200,\"height\":252},{\"@type\":\"BreadcrumbList\",\"@id\":\"https:\\\/\\\/amigosdeltercertercio.com\\\/web\\\/saluda-del-sr-coronel-jefe-del-tercio\\\/#breadcrumb\",\"itemListElement\":[{\"@type\":\"ListItem\",\"position\":1,\"name\":\"Home\",\"item\":\"https:\\\/\\\/amigosdeltercertercio.com\\\/web\\\/\"},{\"@type\":\"ListItem\",\"position\":2,\"name\":\"Saluda\"}]},{\"@type\":\"WebSite\",\"@id\":\"https:\\\/\\\/amigosdeltercertercio.com\\\/web\\\/#website\",\"url\":\"https:\\\/\\\/amigosdeltercertercio.com\\\/web\\\/\",\"name\":\"\",\"description\":\"\",\"potentialAction\":[{\"@type\":\"SearchAction\",\"target\":{\"@type\":\"EntryPoint\",\"urlTemplate\":\"https:\\\/\\\/amigosdeltercertercio.com\\\/web\\\/?s={search_term_string}\"},\"query-input\":{\"@type\":\"PropertyValueSpecification\",\"valueRequired\":true,\"valueName\":\"search_term_string\"}}],\"inLanguage\":\"es\"}]}<\/script>\n<!-- \/ Yoast SEO plugin. -->","yoast_head_json":{"title":"Saluda -","robots":{"index":"index","follow":"follow","max-snippet":"max-snippet:-1","max-image-preview":"max-image-preview:large","max-video-preview":"max-video-preview:-1"},"canonical":"https:\/\/amigosdeltercertercio.com\/web\/saluda-del-sr-coronel-jefe-del-tercio\/","og_locale":"es_ES","og_type":"article","og_title":"Saluda -","og_description":"\u00a0\u00a0 &nbsp; &nbsp; &nbsp; &nbsp; &nbsp; &nbsp; Querido \u201camigo\u201d del Tercer Tercio. Le doy la bienvenida a esta p\u00e1gina. P\u00e1gina que desde su creaci\u00f3n no ha tenido otra finalidad que servir como nexo de uni\u00f3n permanente entre todos aquellos que, de distintas formas y por diferentes motivos, han estado y siguen estando ligados a este [&hellip;]","og_url":"https:\/\/amigosdeltercertercio.com\/web\/saluda-del-sr-coronel-jefe-del-tercio\/","article_modified_time":"2016-03-15T16:16:27+00:00","og_image":[{"url":"https:\/\/amigosdeltercertercio.com\/web\/wp-content\/uploads\/2016\/03\/200px-Coat_of_Arms_of_the_3rd_Spanish_Legion_Tercio_Don_Juan_de_Austria.svg_.png","type":"","width":"","height":""}],"twitter_card":"summary_large_image","twitter_misc":{"Tiempo de lectura":"1 minuto"},"schema":{"@context":"https:\/\/schema.org","@graph":[{"@type":"WebPage","@id":"https:\/\/amigosdeltercertercio.com\/web\/saluda-del-sr-coronel-jefe-del-tercio\/","url":"https:\/\/amigosdeltercertercio.com\/web\/saluda-del-sr-coronel-jefe-del-tercio\/","name":"Saluda -","isPartOf":{"@id":"https:\/\/amigosdeltercertercio.com\/web\/#website"},"primaryImageOfPage":{"@id":"https:\/\/amigosdeltercertercio.com\/web\/saluda-del-sr-coronel-jefe-del-tercio\/#primaryimage"},"image":{"@id":"https:\/\/amigosdeltercertercio.com\/web\/saluda-del-sr-coronel-jefe-del-tercio\/#primaryimage"},"thumbnailUrl":"https:\/\/amigosdeltercertercio.com\/web\/wp-content\/uploads\/2016\/03\/200px-Coat_of_Arms_of_the_3rd_Spanish_Legion_Tercio_Don_Juan_de_Austria.svg_.png","datePublished":"2014-04-10T21:21:54+00:00","dateModified":"2016-03-15T16:16:27+00:00","breadcrumb":{"@id":"https:\/\/amigosdeltercertercio.com\/web\/saluda-del-sr-coronel-jefe-del-tercio\/#breadcrumb"},"inLanguage":"es","potentialAction":[{"@type":"ReadAction","target":["https:\/\/amigosdeltercertercio.com\/web\/saluda-del-sr-coronel-jefe-del-tercio\/"]}]},{"@type":"ImageObject","inLanguage":"es","@id":"https:\/\/amigosdeltercertercio.com\/web\/saluda-del-sr-coronel-jefe-del-tercio\/#primaryimage","url":"https:\/\/amigosdeltercertercio.com\/web\/wp-content\/uploads\/2016\/03\/200px-Coat_of_Arms_of_the_3rd_Spanish_Legion_Tercio_Don_Juan_de_Austria.svg_.png","contentUrl":"https:\/\/amigosdeltercertercio.com\/web\/wp-content\/uploads\/2016\/03\/200px-Coat_of_Arms_of_the_3rd_Spanish_Legion_Tercio_Don_Juan_de_Austria.svg_.png","width":200,"height":252},{"@type":"BreadcrumbList","@id":"https:\/\/amigosdeltercertercio.com\/web\/saluda-del-sr-coronel-jefe-del-tercio\/#breadcrumb","itemListElement":[{"@type":"ListItem","position":1,"name":"Home","item":"https:\/\/amigosdeltercertercio.com\/web\/"},{"@type":"ListItem","position":2,"name":"Saluda"}]},{"@type":"WebSite","@id":"https:\/\/amigosdeltercertercio.com\/web\/#website","url":"https:\/\/amigosdeltercertercio.com\/web\/","name":"","description":"","potentialAction":[{"@type":"SearchAction","target":{"@type":"EntryPoint","urlTemplate":"https:\/\/amigosdeltercertercio.com\/web\/?s={search_term_string}"},"query-input":{"@type":"PropertyValueSpecification","valueRequired":true,"valueName":"search_term_string"}}],"inLanguage":"es"}]}},"_links":{"self":[{"href":"https:\/\/amigosdeltercertercio.com\/web\/wp-json\/wp\/v2\/pages\/110","targetHints":{"allow":["GET"]}}],"collection":[{"href":"https:\/\/amigosdeltercertercio.com\/web\/wp-json\/wp\/v2\/pages"}],"about":[{"href":"https:\/\/amigosdeltercertercio.com\/web\/wp-json\/wp\/v2\/types\/page"}],"author":[{"embeddable":true,"href":"https:\/\/amigosdeltercertercio.com\/web\/wp-json\/wp\/v2\/users\/1"}],"replies":[{"embeddable":true,"href":"https:\/\/amigosdeltercertercio.com\/web\/wp-json\/wp\/v2\/comments?post=110"}],"version-history":[{"count":20,"href":"https:\/\/amigosdeltercertercio.com\/web\/wp-json\/wp\/v2\/pages\/110\/revisions"}],"predecessor-version":[{"id":3997,"href":"https:\/\/amigosdeltercertercio.com\/web\/wp-json\/wp\/v2\/pages\/110\/revisions\/3997"}],"wp:attachment":[{"href":"https:\/\/amigosdeltercertercio.com\/web\/wp-json\/wp\/v2\/media?parent=110"}],"curies":[{"name":"wp","href":"https:\/\/api.w.org\/{rel}","templated":true}]}}