{"id":616,"date":"2014-04-20T21:25:44","date_gmt":"2014-04-20T21:25:44","guid":{"rendered":"https:\/\/amigosdeltercertercio.com\/web\/?page_id=616"},"modified":"2014-04-22T14:59:39","modified_gmt":"2014-04-22T14:59:39","slug":"control-de-zona","status":"publish","type":"page","link":"https:\/\/amigosdeltercertercio.com\/web\/control-de-zona\/","title":{"rendered":"Control de Zona"},"content":{"rendered":"<p align=\"center\">DE ISLE\u00d1O A PENINSULAR: ALMER\u00cdA, 1996-2003<\/p>\n<p align=\"JUSTIFY\"><strong>EL 3\u00ba TERCIO EN EL \u00abCONTROL DE ZONAS\u00bb<\/strong><\/p>\n<p align=\"JUSTIFY\">Desde que las fuerzas armadas espa\u00f1olas empezaron a participar activamente en misiones de paz \u2013y en este sentido como es sabido la Legi\u00f3n y el Tercio 3\u00ba siempre han estado en primera l\u00ednea o incluso abriendo brecha en los diferentes escenarios- las operaciones de control de zona han pasado al primer plano del adiestramiento de las unidades del <i>D. Juan de Austria<\/i>. Sin restar importancia a las acciones ofensivas y defensivas, en sus diferentes fases y modalidades, lo cierto es que durante los \u00faltimos a\u00f1os en los Balcanes se han asignado \u00e1reas de responsabilidad entre las fuerzas multinacionales \u2013primero en <i>Bosnia-Herzegovina<\/i>, luego en <i>Albania<\/i>, <i>Kosovo<\/i>, <i>Macedonia <\/i>y<i> <\/i>finalmente en<i> Irak<\/i>&#8211; al objeto de controlar el cumplimiento de las resoluciones de alto el fuego adoptadas por las partes o impuestas por la ONU. Para que los lectores m\u00e1s veteranos comprendan y digieran mejor como se llevan a cabo las misiones de paz, de las que de nuevo hablar\u00e9 en el siguiente cap\u00edtulo, he cre\u00eddo conveniente introducir unos conceptos sobre como se lleva a cabo el <i>control de zonas <\/i>que nuestros legionarios practican de verdad en tierras lejanas.<\/p>\n<p align=\"JUSTIFY\"><b>Los nuevos campos de batalla<\/b><\/p>\n<p align=\"JUSTIFY\">Las \u00faltimas zonas de conflicto, como es el caso de <i>Irak<\/i>, y otras que en lo sucesivo pudieran ir apareciendo en los diferentes focos de tensi\u00f3n que actualmente existen por todo el mundo, tambi\u00e9n apuntan en \u00e9ste sentido de que los legionarios del <i>D. Juan de Austria<\/i>, ya sea con casco azul de NNUU, o integrados en estructuras lideradas por la OTAN o la UE, tengan un mayor n\u00famero de posibilidades de cumplir misiones de <i>control de zona<\/i> que de realizar ataque a posiciones defensivas con las unidades encajonadas en unos frentes y fondos propios de los despliegues de anta\u00f1o. Por otra parte, de intervenir en un conflicto armado, los nuevos conceptos de guerra asim\u00e9trica, la sobredimensionalidad de los futuros campos de batalla, el empleo de los avances tecnol\u00f3gicos en el armamento y munici\u00f3n,&#8230; nos llevan a pensar que no s\u00f3lo en las operaciones de paz, sino tambi\u00e9n en las de la guerra moderna, van a quedar amplios espacios vac\u00edos.<\/p>\n<p align=\"JUSTIFY\">Estas \u00e1reas, lejos de ser ocupadas f\u00edsicamente con un gran n\u00famero de tropas desplegadas permanentemente en el terreno, ser\u00e1n vigiladas por peque\u00f1as unidades y patrullas m\u00f3viles que continuamente se desplazaran por toda la zona. Actuar\u00e1n estableciendo controles en carreteras, registrando o inspeccionando determinados lugares o almacenes, guarneciendo por tiempo limitado y con car\u00e1cter rotatorio puntos sensibles, protegiendo en ocasiones determinadas convoyes o personalidades y efectuando cercos o batida. Tambi\u00e9n pueden desempe\u00f1ar un papel muy importante en la lucha contra la delincuencia que suele instaurarse ostensiblemente en las posguerras o incluso, llegado el caso, actuar como fuerzas antidisturbio.<\/p>\n<p align=\"JUSTIFY\">Muchas de \u00e9stas misiones parecen m\u00e1s propias de las fuerzas y cuerpos de seguridad del Estado que de las fuerzas armadas, pero no cabe duda que existe una cierta aproximaci\u00f3n, una convergencia de cometidos entre ambas fuerzas cuando se proyectan unidades militares hacia el exterior y en este sentido el <i>control de zona<\/i> es el ejemplo m\u00e1s evidente de ello. Por eso el 3\u00ba Tercio, desde que se inici\u00f3 su intervenci\u00f3n en este tipo de operaciones ha sabido valorar la importancia de \u00e9sta modalidad de actuaci\u00f3n de la FFAA extrayendo, de las conclusiones y de las lecciones aprendidas en las diferentes misiones de paz en las que ha intervenido unos m\u00e9todos y tareas a incluir en su programa de instrucci\u00f3n y adiestramiento. De este modo, se han elaborado unas normas operativas (NOP) sobre el <i>Control de Zona por una Bandera Ligera Protegida<\/i>, puestas en pr\u00e1ctica en diferentes ejercicios y \u00faltimamente en el Beta <i>Maderal<\/i> de doble acci\u00f3n, realizado por el GT <i>Valenzuela<\/i> del 3\u00ba Tercio en la <i>Sierra de G\u00e1dor<\/i> (Almer\u00eda), al que posteriormente haremos menci\u00f3n.<\/p>\n<p align=\"JUSTIFY\"><b>De contraguerrillas a control de zona<\/b><\/p>\n<p align=\"JUSTIFY\">Este tipo de operaciones se llevan a cabo en aquellas zonas de acci\u00f3n que por su enorme amplitud, en relaci\u00f3n con la entidad de la unidad a la que se le ha asignado, no permite una presencia permanente en todos los puntos de inter\u00e9s militar pero en las que, sin embargo, conviene alcanzar y mantener la libertad de acci\u00f3n propia deneg\u00e1ndosela, por contra, al enemigo. Para ello se deben identificar, en primer lugar, los <i>objetivos clave<\/i> que normalmente ser\u00e1n n\u00facleos de poblaci\u00f3n, centros de comunicaciones, edificios de inter\u00e9s pol\u00edtico, social o econ\u00f3mico,&#8230; as\u00ed como aquellos otros que, a\u00fan de menor importancia, tambi\u00e9n deben ser tenidos en cuenta.<\/p>\n<p align=\"JUSTIFY\">Una vez priorizados los objetivos habr\u00e1 que decidir aquellos que requieran una protecci\u00f3n continua a cargo de tropas y los que, en funci\u00f3n de la <i>inteligencia<\/i> disponible, o incluso de forma aleatoria, ser\u00e1n custodiados temporalmente por patrullas m\u00f3viles, realizando nomadeos, reconocimientos de combate, emboscadas,&#8230; En cualquier caso, siempre se mantendr\u00e1 una reserva \u00e1gil y potente para apoyar a \u00e9stas patrullas o explotar el \u00e9xito. En cierto modo con las <i>operaciones de control de zona<\/i> volvemos a lo que durante muchos a\u00f1os se contemplaba en los programas de adiestramiento del Tercio en Fuerteventura ejercicios de <i>lucha de guerrillas y contraguerrillas<\/i>, con sus l\u00f3gicas diferencias, matices y adaptaciones. En el fondo se trata de una doble acci\u00f3n que motiva a ambos supuestos contendientes y de la que los espa\u00f1oles, por nuestra peculiar idiosincrasia \u2013no en balde fuimos creadores de este tipo de lucha- presentamos unas aptitudes id\u00f3neas para ello. A continuaci\u00f3n se expone un resumen de las principales lecciones aprendidas por el Tercio en \u00e9ste tipo de operaciones efectuadas en los Balcanes y que figuran en las citadas normas operativas del <i>D. Juan de Austria<\/i>. As\u00ed , a modo de orientaci\u00f3n, una unidad tipo Batall\u00f3n tiene capacidad para controlar una zona de acci\u00f3n (ZA) o \u00e1rea de responsabilidad de alrededor de 600 km cuadrados en zona rural, con dos n\u00facleos de poblaci\u00f3n de entre 5.000 a 10.000 habitantes, y 30 peque\u00f1as aldeas.<\/p>\n<p align=\"JUSTIFY\">Por su parte la Bandera, seg\u00fan lo dicho, reparte su ZA entre las Compa\u00f1\u00edas de fusiles, de modo que una Compa\u00f1\u00eda le corresponder\u00eda un n\u00facleo de poblaci\u00f3n de 5.000 habitantes y entre 10 y 15 aldeas rurales, no debiendo exceder su zona de acci\u00f3n de 200 km cuadrados para obtener garant\u00edas de total control.<\/p>\n<p align=\"JUSTIFY\"><b>Informaci\u00f3n disuasi\u00f3n<\/b><\/p>\n<p align=\"JUSTIFY\">El Mando, asesorado por su plana mayor, antes de desplegar la unidad analizar\u00e1 previamente cuales son los focos de tensi\u00f3n en la zona: minor\u00edas \u00e9tnicas a proteger, enclaves hist\u00f3ricos o religiosos amenazados, dirigentes y organizaciones pol\u00edticas, bandas armadas y sus l\u00edderes, intereses econ\u00f3micos&#8230;. Se tendr\u00e1 en cuenta que un pilar b\u00e1sico del control de una zona a corto y largo plazo, descansa en la capacidad del mando de concienciar a la tropa y a los mandos intermedios de que la batalla es por la <i>obtenci\u00f3n de informaci\u00f3n<\/i> y por conseguir el <i>apoyo de la poblaci\u00f3n<\/i>. Las acciones puramente militares o policiales, por s\u00ed solas, est\u00e1n sin duda abocadas al fracaso. Sin inteligencia la unidad se convierte en un c\u00famulo de personajes pintorescos venidos del extranjero ajenos a la realidad y sin capacidad de prevenir futuros acontecimientos. Sin el apoyo de la poblaci\u00f3n, no hay obtenci\u00f3n de informaci\u00f3n. Es decir, ambos conceptos est\u00e1n \u00edntimamente relacionados.<\/p>\n<p align=\"JUSTIFY\">El concepto que debe imperar es el de <i>capilaridad<\/i>, esto es, que la presencia de la unidad alcance hasta todas y cada una de las aldeas y casas aisladas, con la mayor frecuencia posible. Se ha demostrado que para la obtenci\u00f3n de disuasi\u00f3n, con independencia de los controles visibles, resulta muy \u00fatil el montaje durante la noche y de forma aleatoria de 2 \u00f3 3 controles (o emboscadas) a pie y ocultos en el terreno. Este tipo de apostaderos nocturnos, que tienen su principal aplicaci\u00f3n en la detenci\u00f3n de bandas de delincuentes armados presentan, como efecto secundario, la r\u00e1pida difusi\u00f3n de \u00e9sta modalidad entre la poblaci\u00f3n civil de toda la zona. Como consecuencia de ello se disminuye sensiblemente la comisi\u00f3n de delitos y de desplazamientos nocturnos superfluos. A modo de resumen, podemos concluir que con las patrullas a pie se obtiene fundamentalmente <i>informaci\u00f3n<\/i>, mientras que las motorizadas proporcionan sobre todo <i>disuasi\u00f3n<\/i>.<\/p>\n<p align=\"JUSTIFY\">Pero conceptos como el de la <i>capilaridad<\/i>, el tama\u00f1o de las zonas de acci\u00f3n a asignar entre las unidades subordinadas o el tipo de misiones m\u00e1s adecuado a desempe\u00f1ar seg\u00fan el lugar y momento, no fueron las \u00fanicas lecciones aprendidas por la Legi\u00f3n en sus diferentes actuaciones en los Balcanes. Las requisas de armas, la lucha contra la delincuencia, la actuaci\u00f3n ante minas y trampas explosivas, la asistencia sanitaria relacionada con la poblaci\u00f3n civil o la prevenci\u00f3n contra el riesgo de radiaciones, son otros ejemplos de ense\u00f1anzas obtenidas.<\/p>\n<p align=\"JUSTIFY\"><b>Tipo de misiones<\/b><\/p>\n<p align=\"JUSTIFY\">El personal y las unidades deben estar bien instruidas y adiestradas en los diferentes cometidos propios del <i>control de zona<\/i>. Sin entrar en demasiados detalles, vamos a describir los m\u00e1s importantes. As\u00ed tenemos, en primer lugar, el montaje de un <i>puesto de observaci\u00f3n<\/i>, aprendiendo no solo a observar sino tambi\u00e9n a informar correctamente. Luego se abordar\u00e1 la forma de instalar un <i>puesto de control (check point)<\/i> con objeto de controlar el tr\u00e1fico rodado o de personas a fin de verificar el movimiento de veh\u00edculos militares y civiles, de armas, municiones y explosivos, localizar personas, bloquear comunicaciones o, simplemente, obtener informaci\u00f3n y mostrar una presencia activa de la fuerza de paz, fuera de sus cuarteles.<\/p>\n<p align=\"JUSTIFY\">Otra misi\u00f3n muy corriente puede ser la de <i>escolta de convoyes<\/i> de la ONU, Cruz Roja, ONG,s&#8230; para trasladar refugiados, hacer llegar ayuda humanitaria, proteger a determinadas personas, etc. En \u00e9ste caso la instrucci\u00f3n versar\u00e1 sobre c\u00f3mo preparar los veh\u00edculos con antenas simuladas, siglas, sacos terreros&#8230; al objeto de aumentar su protecci\u00f3n. Tambi\u00e9n se estudiar\u00e1 y practicar\u00e1 la seguridad del convoy, tanto en movimiento como durante los estacionamientos, y la conducta a seguir ante aver\u00edas y accidentes.<\/p>\n<p align=\"JUSTIFY\">Otros temas distintos de los hasta ahora tratados son la <i>reacci\u00f3n ante los check point<\/i> instalados por los contendientes (toma de contacto, posible despliegue, escalada de la tensi\u00f3n en la negociaci\u00f3n,&#8230;,), las inspecciones de lugares autorizados, las diferentes acciones que pueden llevar a cabo las patrullas m\u00f3viles, la defensa de puntos sensibles, los registros de casas y aldeas, los cercos y batidas y la disoluci\u00f3n de manifestaciones o acciones antidisturbio.<\/p>\n<p align=\"JUSTIFY\"><b>Alpujarras almerienses: \u00abMaderal 2002\u00bb<\/b><\/p>\n<p align=\"JUSTIFY\">Cuando en lugar de casas o peque\u00f1as aldeas el registro se extiende a una zona m\u00e1s amplia de terreno, entramos en el campo abierto y en un nuevo procedimiento, el <i>cerco y batida<\/i>. Lo mismo ocurre con el <i>nomadeo<\/i> o las patrullas de reconocimiento y la <i>defensa de puntos sensibles<\/i> y que por razones de espacio no vamos a tratar aqu\u00ed. Sin embargo si que consideramos de gran inter\u00e9s que las unidades de entidad Batall\u00f3n realicen ejercicios tipo Beta de doble acci\u00f3n, similares a los que hace no muchos a\u00f1os se les denominaba de <i>guerrillas y contraguerrillas<\/i> y que ahora, adaptados a los nuevos tiempos, y con la introducci\u00f3n de las t\u00e9cnicas descritas, reciben un nombre m\u00e1s apropiado, el de <i>control de zona<\/i> y \u00e9ste es el caso del \u00faltimo ejercicio Beta <i>Maderal 2002<\/i> a cargo del GT <i>Valenzuela<\/i> llevado a cabo en la sierra de G\u00e1dor (Almer\u00eda).<\/p>\n<p align=\"JUSTIFY\">La <i>sierra de G\u00e1dor<\/i>, en las estribaciones orientales de Sierra Nevada, es una zona abrupta y monta\u00f1osa, donde comienza la comarca de las Alpujarras almerienses. Un terreno con poca densidad de poblaci\u00f3n que en cierto modo puede recordar algunos paisajes de los Balcanes y \u00e9ste fue uno de los motivos de desarrollar en el mismo el ejercicio <i>Maderal<\/i>. Para ello, bajo la direcci\u00f3n y arbitraje del Tercio <i>Juan de Austria<\/i> 3\u00ba de la Legi\u00f3n, se constituyeron dos bandos, uno peque\u00f1o formado por la secci\u00f3n de reconocimiento (reforzada) y el resto por un GT en base a una plana mayor de Bandera, tres Compa\u00f1\u00edas de fusiles y las Compa\u00f1\u00edas de Plana-Apoyo y Servicios.<\/p>\n<p align=\"JUSTIFY\">Repartida la ZA en tres \u00e1reas, una por Compa\u00f1\u00eda de fusiles, en este ejercicio se pusieron en pr\u00e1ctica las normas operativas relativas al <i>control de zona<\/i>, con especial hincapi\u00e9 en la defensa de objetivos, estableciendo controles en puntos de paso obligado, apostaderos nocturnos, &#8230; hasta finalizar con la organizaci\u00f3n de un cerco y posterior batida. En el mismo se evalu\u00f3 la capacidad de reacci\u00f3n de las patrullas m\u00f3viles de la reserva (C\u00eda. de plana y apoyo) y como siempre que existe doble acci\u00f3n, la motivaci\u00f3n de los mandos y tropa fue muy elevada a pesar del mal tiempo reinante. En definitiva, el <i>Maderal<\/i> puso a prueba el grado de adiestramiento alcanzado por las diferentes unidades en un faceta tan interesante y actual como lo son las <i>operaciones de control de zona<\/i>. Unos meses m\u00e1s tarde, seg\u00fan veremos, el GT <i>Valenzuela <\/i>iba a practicar el control de zona pero no en las Alpujarras sino en Irak.<\/p>\n<p>&nbsp;<\/p>\n","protected":false},"excerpt":{"rendered":"<p>DE ISLE\u00d1O A PENINSULAR: ALMER\u00cdA, 1996-2003 EL 3\u00ba TERCIO EN EL \u00abCONTROL DE ZONAS\u00bb Desde que las fuerzas armadas espa\u00f1olas empezaron a participar activamente en misiones de paz \u2013y en este sentido como es sabido la Legi\u00f3n y el Tercio 3\u00ba siempre han estado en primera l\u00ednea o incluso abriendo brecha en los diferentes escenarios- [&hellip;]<\/p>\n","protected":false},"author":1,"featured_media":0,"parent":0,"menu_order":0,"comment_status":"closed","ping_status":"closed","template":"","meta":{"ocean_post_layout":"","ocean_both_sidebars_style":"","ocean_both_sidebars_content_width":0,"ocean_both_sidebars_sidebars_width":0,"ocean_sidebar":"","ocean_second_sidebar":"","ocean_disable_margins":"enable","ocean_add_body_class":"","ocean_shortcode_before_top_bar":"","ocean_shortcode_after_top_bar":"","ocean_shortcode_before_header":"","ocean_shortcode_after_header":"","ocean_has_shortcode":"","ocean_shortcode_after_title":"","ocean_shortcode_before_footer_widgets":"","ocean_shortcode_after_footer_widgets":"","ocean_shortcode_before_footer_bottom":"","ocean_shortcode_after_footer_bottom":"","ocean_display_top_bar":"default","ocean_display_header":"default","ocean_header_style":"","ocean_center_header_left_menu":"","ocean_custom_header_template":"","ocean_custom_logo":0,"ocean_custom_retina_logo":0,"ocean_custom_logo_max_width":0,"ocean_custom_logo_tablet_max_width":0,"ocean_custom_logo_mobile_max_width":0,"ocean_custom_logo_max_height":0,"ocean_custom_logo_tablet_max_height":0,"ocean_custom_logo_mobile_max_height":0,"ocean_header_custom_menu":"","ocean_menu_typo_font_family":"","ocean_menu_typo_font_subset":"","ocean_menu_typo_font_size":0,"ocean_menu_typo_font_size_tablet":0,"ocean_menu_typo_font_size_mobile":0,"ocean_menu_typo_font_size_unit":"px","ocean_menu_typo_font_weight":"","ocean_menu_typo_font_weight_tablet":"","ocean_menu_typo_font_weight_mobile":"","ocean_menu_typo_transform":"","ocean_menu_typo_transform_tablet":"","ocean_menu_typo_transform_mobile":"","ocean_menu_typo_line_height":0,"ocean_menu_typo_line_height_tablet":0,"ocean_menu_typo_line_height_mobile":0,"ocean_menu_typo_line_height_unit":"","ocean_menu_typo_spacing":0,"ocean_menu_typo_spacing_tablet":0,"ocean_menu_typo_spacing_mobile":0,"ocean_menu_typo_spacing_unit":"","ocean_menu_link_color":"","ocean_menu_link_color_hover":"","ocean_menu_link_color_active":"","ocean_menu_link_background":"","ocean_menu_link_hover_background":"","ocean_menu_link_active_background":"","ocean_menu_social_links_bg":"","ocean_menu_social_hover_links_bg":"","ocean_menu_social_links_color":"","ocean_menu_social_hover_links_color":"","ocean_disable_title":"default","ocean_disable_heading":"default","ocean_post_title":"","ocean_post_subheading":"","ocean_post_title_style":"","ocean_post_title_background_color":"","ocean_post_title_background":0,"ocean_post_title_bg_image_position":"","ocean_post_title_bg_image_attachment":"","ocean_post_title_bg_image_repeat":"","ocean_post_title_bg_image_size":"","ocean_post_title_height":0,"ocean_post_title_bg_overlay":0.5,"ocean_post_title_bg_overlay_color":"","ocean_disable_breadcrumbs":"default","ocean_breadcrumbs_color":"","ocean_breadcrumbs_separator_color":"","ocean_breadcrumbs_links_color":"","ocean_breadcrumbs_links_hover_color":"","ocean_display_footer_widgets":"default","ocean_display_footer_bottom":"default","ocean_custom_footer_template":"","footnotes":""},"class_list":["post-616","page","type-page","status-publish","hentry","entry"],"yoast_head":"<!-- This site is optimized with the Yoast SEO plugin v27.4 - https:\/\/yoast.com\/product\/yoast-seo-wordpress\/ -->\n<title>Control de Zona -<\/title>\n<meta name=\"description\" content=\"Desde que las fuerzas armadas espa\u00f1olas empezaron a participar activamente en misiones de paz \u2013y en este sentido como es sabido la Legi\u00f3n y el Tercio 3\u00ba si\" \/>\n<meta name=\"robots\" content=\"index, follow, max-snippet:-1, max-image-preview:large, max-video-preview:-1\" \/>\n<link rel=\"canonical\" href=\"https:\/\/amigosdeltercertercio.com\/web\/control-de-zona\/\" \/>\n<meta property=\"og:locale\" content=\"es_ES\" \/>\n<meta property=\"og:type\" content=\"article\" \/>\n<meta property=\"og:title\" content=\"Control de Zona -\" \/>\n<meta property=\"og:description\" content=\"Desde que las fuerzas armadas espa\u00f1olas empezaron a participar activamente en misiones de paz \u2013y en este sentido como es sabido la Legi\u00f3n y el Tercio 3\u00ba si\" \/>\n<meta property=\"og:url\" content=\"https:\/\/amigosdeltercertercio.com\/web\/control-de-zona\/\" \/>\n<meta property=\"article:modified_time\" content=\"2014-04-22T14:59:39+00:00\" \/>\n<meta name=\"twitter:card\" content=\"summary_large_image\" \/>\n<meta name=\"twitter:label1\" content=\"Tiempo de lectura\" \/>\n\t<meta name=\"twitter:data1\" content=\"11 minutos\" \/>\n<script type=\"application\/ld+json\" class=\"yoast-schema-graph\">{\"@context\":\"https:\\\/\\\/schema.org\",\"@graph\":[{\"@type\":\"WebPage\",\"@id\":\"https:\\\/\\\/amigosdeltercertercio.com\\\/web\\\/control-de-zona\\\/\",\"url\":\"https:\\\/\\\/amigosdeltercertercio.com\\\/web\\\/control-de-zona\\\/\",\"name\":\"Control de Zona -\",\"isPartOf\":{\"@id\":\"https:\\\/\\\/amigosdeltercertercio.com\\\/web\\\/#website\"},\"datePublished\":\"2014-04-20T21:25:44+00:00\",\"dateModified\":\"2014-04-22T14:59:39+00:00\",\"description\":\"Desde que las fuerzas armadas espa\u00f1olas empezaron a participar activamente en misiones de paz \u2013y en este sentido como es sabido la Legi\u00f3n y el Tercio 3\u00ba si\",\"breadcrumb\":{\"@id\":\"https:\\\/\\\/amigosdeltercertercio.com\\\/web\\\/control-de-zona\\\/#breadcrumb\"},\"inLanguage\":\"es\",\"potentialAction\":[{\"@type\":\"ReadAction\",\"target\":[\"https:\\\/\\\/amigosdeltercertercio.com\\\/web\\\/control-de-zona\\\/\"]}]},{\"@type\":\"BreadcrumbList\",\"@id\":\"https:\\\/\\\/amigosdeltercertercio.com\\\/web\\\/control-de-zona\\\/#breadcrumb\",\"itemListElement\":[{\"@type\":\"ListItem\",\"position\":1,\"name\":\"Home\",\"item\":\"https:\\\/\\\/amigosdeltercertercio.com\\\/web\\\/\"},{\"@type\":\"ListItem\",\"position\":2,\"name\":\"Control de Zona\"}]},{\"@type\":\"WebSite\",\"@id\":\"https:\\\/\\\/amigosdeltercertercio.com\\\/web\\\/#website\",\"url\":\"https:\\\/\\\/amigosdeltercertercio.com\\\/web\\\/\",\"name\":\"\",\"description\":\"\",\"potentialAction\":[{\"@type\":\"SearchAction\",\"target\":{\"@type\":\"EntryPoint\",\"urlTemplate\":\"https:\\\/\\\/amigosdeltercertercio.com\\\/web\\\/?s={search_term_string}\"},\"query-input\":{\"@type\":\"PropertyValueSpecification\",\"valueRequired\":true,\"valueName\":\"search_term_string\"}}],\"inLanguage\":\"es\"}]}<\/script>\n<!-- \/ Yoast SEO plugin. -->","yoast_head_json":{"title":"Control de Zona -","description":"Desde que las fuerzas armadas espa\u00f1olas empezaron a participar activamente en misiones de paz \u2013y en este sentido como es sabido la Legi\u00f3n y el Tercio 3\u00ba si","robots":{"index":"index","follow":"follow","max-snippet":"max-snippet:-1","max-image-preview":"max-image-preview:large","max-video-preview":"max-video-preview:-1"},"canonical":"https:\/\/amigosdeltercertercio.com\/web\/control-de-zona\/","og_locale":"es_ES","og_type":"article","og_title":"Control de Zona -","og_description":"Desde que las fuerzas armadas espa\u00f1olas empezaron a participar activamente en misiones de paz \u2013y en este sentido como es sabido la Legi\u00f3n y el Tercio 3\u00ba si","og_url":"https:\/\/amigosdeltercertercio.com\/web\/control-de-zona\/","article_modified_time":"2014-04-22T14:59:39+00:00","twitter_card":"summary_large_image","twitter_misc":{"Tiempo de lectura":"11 minutos"},"schema":{"@context":"https:\/\/schema.org","@graph":[{"@type":"WebPage","@id":"https:\/\/amigosdeltercertercio.com\/web\/control-de-zona\/","url":"https:\/\/amigosdeltercertercio.com\/web\/control-de-zona\/","name":"Control de Zona -","isPartOf":{"@id":"https:\/\/amigosdeltercertercio.com\/web\/#website"},"datePublished":"2014-04-20T21:25:44+00:00","dateModified":"2014-04-22T14:59:39+00:00","description":"Desde que las fuerzas armadas espa\u00f1olas empezaron a participar activamente en misiones de paz \u2013y en este sentido como es sabido la Legi\u00f3n y el Tercio 3\u00ba si","breadcrumb":{"@id":"https:\/\/amigosdeltercertercio.com\/web\/control-de-zona\/#breadcrumb"},"inLanguage":"es","potentialAction":[{"@type":"ReadAction","target":["https:\/\/amigosdeltercertercio.com\/web\/control-de-zona\/"]}]},{"@type":"BreadcrumbList","@id":"https:\/\/amigosdeltercertercio.com\/web\/control-de-zona\/#breadcrumb","itemListElement":[{"@type":"ListItem","position":1,"name":"Home","item":"https:\/\/amigosdeltercertercio.com\/web\/"},{"@type":"ListItem","position":2,"name":"Control de Zona"}]},{"@type":"WebSite","@id":"https:\/\/amigosdeltercertercio.com\/web\/#website","url":"https:\/\/amigosdeltercertercio.com\/web\/","name":"","description":"","potentialAction":[{"@type":"SearchAction","target":{"@type":"EntryPoint","urlTemplate":"https:\/\/amigosdeltercertercio.com\/web\/?s={search_term_string}"},"query-input":{"@type":"PropertyValueSpecification","valueRequired":true,"valueName":"search_term_string"}}],"inLanguage":"es"}]}},"_links":{"self":[{"href":"https:\/\/amigosdeltercertercio.com\/web\/wp-json\/wp\/v2\/pages\/616","targetHints":{"allow":["GET"]}}],"collection":[{"href":"https:\/\/amigosdeltercertercio.com\/web\/wp-json\/wp\/v2\/pages"}],"about":[{"href":"https:\/\/amigosdeltercertercio.com\/web\/wp-json\/wp\/v2\/types\/page"}],"author":[{"embeddable":true,"href":"https:\/\/amigosdeltercertercio.com\/web\/wp-json\/wp\/v2\/users\/1"}],"replies":[{"embeddable":true,"href":"https:\/\/amigosdeltercertercio.com\/web\/wp-json\/wp\/v2\/comments?post=616"}],"version-history":[{"count":3,"href":"https:\/\/amigosdeltercertercio.com\/web\/wp-json\/wp\/v2\/pages\/616\/revisions"}],"predecessor-version":[{"id":793,"href":"https:\/\/amigosdeltercertercio.com\/web\/wp-json\/wp\/v2\/pages\/616\/revisions\/793"}],"wp:attachment":[{"href":"https:\/\/amigosdeltercertercio.com\/web\/wp-json\/wp\/v2\/media?parent=616"}],"curies":[{"name":"wp","href":"https:\/\/api.w.org\/{rel}","templated":true}]}}