{"id":719,"date":"2014-04-21T17:27:05","date_gmt":"2014-04-21T17:27:05","guid":{"rendered":"https:\/\/amigosdeltercertercio.com\/web\/?page_id=719"},"modified":"2014-05-01T10:18:23","modified_gmt":"2014-05-01T10:18:23","slug":"czurb","status":"publish","type":"page","link":"https:\/\/amigosdeltercertercio.com\/web\/czurb\/","title":{"rendered":"CZURB"},"content":{"rendered":"<p style=\"text-align: center;\" align=\"center\"><b>COMBATE EN ZONAS URBANIZADAS<\/b><\/p>\n<p>&nbsp;<\/p>\n<p style=\"text-align: justify;\">El desarrollo de la civilizaci\u00f3n ha creado un creciente n\u00famero de n\u00facleos de poblaci\u00f3n en todo el mundo, adem\u00e1s este crecimiento ha sido especialmente r\u00e1pido en las \u00a0regiones con cierta inestabilidad pol\u00edtica. Constantemente desaparecen bosques y zonas verdes y aparecen zonas urbanizadas.<\/p>\n<p style=\"text-align: justify;\">Las zonas urbanizadas estar\u00e1n, por tanto muy presentes en el futuro campo de batalla y, por ello el combate en zonas urbanizadas no puede ser eludido.<\/p>\n<p style=\"text-align: justify;\">En esencia, las operaciones en \u00e1reas urbanizadas, combinadas con la amenaza IED, son un aspecto fundamental del combate: el enemigo a corta distancia, la aparici\u00f3n constante de los francotiradores, el estr\u00e9s de combate extremadamente alto y la dificultad de distinguir las fuerzas de oposici\u00f3n de la poblaci\u00f3n civil, hacen este tipo de combate extremadamente dif\u00edcil y peligroso para las tropas propias.<\/p>\n<p style=\"text-align: justify;\">Con este objetivo nace el desarrollo de estas jornadas, teniendo como premisa fundamental la de conjugar un adiestramiento lo m\u00e1s real posible con unas estrictas medidas de seguridad.<\/p>\n<p style=\"text-align: justify;\">La instrucci\u00f3n y el adiestramiento que se recibir\u00e1 a lo largo del desarrollo de estas jornadas se rigen por los siguientes principios b\u00e1sicos:<\/p>\n<p style=\"text-align: justify;\">\u2022 Realismo.<\/p>\n<p style=\"text-align: justify;\">\u2022 Progresividad.<\/p>\n<p style=\"text-align: justify;\">\u2022 Seguridad.<\/p>\n<p style=\"text-align: justify;\"><strong>Realismo<\/strong>, para que nuestras unidades puedan adiestrarse en un entorno y en unas condiciones lo m\u00e1s parecidas posibles a las que se encontrar\u00edan si desarrollasen sus operaciones en este tipo de \u00e1reas.<\/p>\n<p style=\"text-align: justify;\"><strong>Progresividad<\/strong>, evitando desarrollar tareas de instrucci\u00f3n y adiestramiento de dificultad superior sin haber realizado las previas en una escala progresiva de complejidad.<\/p>\n<p style=\"text-align: justify;\"><strong>Seguridad<\/strong> para que, a pesar de realizar una instrucci\u00f3n y adiestramiento reales, se eviten toda clase de riesgos y se conciencie a nuestro personal de la importancia de las medidas de protecci\u00f3n de la fuerza en este tipo de combate.<\/p>\n<p style=\"text-align: justify;\"><strong>\u00a0Lecciones Aprendidas sobre Combate Urbano Convencional<\/strong><\/p>\n<p style=\"text-align: justify;\"><strong>Extracto del Art. de cecilioandrade.es<\/strong><\/p>\n<p style=\"text-align: justify;\"><strong>En cuanto al empleo de las Unidades en general.<\/strong><\/p>\n<p style=\"text-align: justify;\">&#8211; En los actuales conflictos en zona urbana pueden llevarse a cabo desde operaciones de combate hasta operaciones de estabilizaci\u00f3n y reconstrucci\u00f3n, que pueden desarrollarse simult\u00e1neamente en el mismo escenario. Esto exigir\u00e1 a los combatientes estar preparados para la situaci\u00f3n mas exigente y estar preparados para pasar de una situaci\u00f3n a otra de forma inmediata.<\/p>\n<p style=\"text-align: justify;\">El combate urbano es un combate interarmas Existe la necesidad de la cooperaci\u00f3n entre infanter\u00eda ligera, pesada e ingenieros incluso a nivel pelot\u00f3n.<\/p>\n<p style=\"text-align: justify;\">El liderazgo en las peque\u00f1as unidades es muy importante (desde los griegos antiguos se denomina la guerra de los cabos). La coordinaci\u00f3n de acciones dentro del pelot\u00f3n y el enlace constante entre sus componentes es fundamental.<\/p>\n<p style=\"text-align: justify;\">Es constante la necesidad de actualizaci\u00f3n de medios cartogr\u00e1ficos de apoyo: fotograf\u00edas a\u00e9reas, ortoim\u00e1genes, croquis etc.<\/p>\n<p style=\"text-align: justify;\">Existe gran dificultad en las comunicaciones t\u00e1cticas por el efecto de \u201capantallamiento\u201d de las edificaciones.<\/p>\n<p style=\"text-align: justify;\">La instrucci\u00f3n previa espec\u00edfica CZURB aumenta de forma muy importante las posibilidades de \u00e9xito y disminuye en el mismo grado el riesgo de sufrir bajas.<\/p>\n<p style=\"text-align: justify;\">Reviste importancia especial una buena instrucci\u00f3n de tiro para poder discriminar con precisi\u00f3n amigo de enemigo as\u00ed como reaccionar de forma inmediata ante situaciones de peligro y ser capaces de destruir al enemigo inmediatamente con fuego r\u00e1pido y preciso.<\/p>\n<p style=\"text-align: justify;\">\u00a0Se siente gran necesidad de tiradores selectos ante la amenaza de la efectividad de los francotiradores enemigos.<\/p>\n<p style=\"text-align: justify;\">El desgaste del material, de la munici\u00f3n y de los v\u00edveres es mucho mayor de lo habitual por lo que hay que procurar estar pendiente de los consumos para solicitar la reposici\u00f3n a tiempo.<\/p>\n<p style=\"text-align: justify;\">Es importante la modificaci\u00f3n y adaptaci\u00f3n constante del material y equipo. Adem\u00e1s hay que dotar a las unidades de material y munici\u00f3n especial: escalas, explosivos, cinta de marcar, palancas, cizallas, pintura luminosa, linternas, humos, etc.<br \/>\n&#8211;\u00a0Habr\u00e1 mayor n\u00famero de bajas por lo que cada combatiente debe saber tratar y estabilizar a un herido.<\/p>\n<p style=\"text-align: justify;\">Y por \u00faltimo, olvidarnos para siempre de la frase \u201ctu no pienses, otros lo hacen por ti\u201d, en este entorno es letal por definici\u00f3n. El m\u00e1s torpe de nuestros hombres debe no solo pensar, sino reaccionar en d\u00e9cimas de segundo, de forma precisa y correcta, sin esperar ordenes, que en todo caso llegar\u00edan tarde. \u00bfC\u00f3mo se consigue esto? Dando al combatiente conocimientos con los que poder decidir y actuar, y sobre todo.<\/p>\n<p style=\"text-align: justify;\">\u00abINSTRUCCI\u00d3N, INSTRUCCI\u00d3N E INSTRUCCI\u00d3N\u00bb<\/p>\n<p style=\"text-align: justify;\">Las unidades acorazadas y mecanizadas tendr\u00e1n que moverse a trav\u00e9s de la ciudad con protecci\u00f3n completa (escotillas cerradas) y con continuo apoyo y mutua protecci\u00f3n.<\/p>\n<p style=\"text-align: justify;\">Las tripulaci\u00f3n de veh\u00edculos acorazados\/mecanizados deben saber operar desmontados de sus veh\u00edculos cuando sea necesario.<\/p>\n<p style=\"text-align: justify;\">Las unidades acorazadas y ligeras tienen necesidad de instrucci\u00f3n conjunta ya que al trabajar en conjunto deben tener presente las capacidades y caracter\u00edsticas de cada una. Para ello las comunicaciones entre los acorazados\/mecanizados y la infanter\u00eda ligera son esenciales<\/p>\n<p style=\"text-align: justify;\">Las habilidades fundamentales de la infanter\u00eda son imprescindibles para todas las especialidades y todas las misiones; incluyendo las unidades acorazadas<\/p>\n<p style=\"text-align: justify;\">Necesidad de disponer de buenos medios de identificaci\u00f3n amigo-enemigo para evitar el fuego \u201cfratricida\u201d.<\/p>\n<p style=\"text-align: justify;\">Es necesario que el combatiente se familiarice con el Combate en Zona Urbana (CZU), adapt\u00e1ndose al medio y aprendiendo los nuevos procedimientos.<\/p>\n<p style=\"text-align: justify;\">Para ello debe acostumbrarse a actuar de una forma aislada sin perder el contacto con sus compa\u00f1eros.<\/p>\n<p style=\"text-align: justify;\">Debe ser capaz de soportar el stress al que se ver\u00e1 sometido, proporcionar los primeros auxilios a un compa\u00f1ero, adaptarse a situaciones nuevas, evaluar la amenaza de una forma eficaz, tratar a la poblaci\u00f3n civil con deferencia, ser un buen tirador, saber aplicar una agresividad controlada, saber moverse por el medio urbano, etc.<\/p>\n<p style=\"text-align: justify;\">Son muchos aspectos que si no est\u00e1n ensayados y automatizados ponen en peligro su propia supervivencia, y por ello la del conjunto del equipo.<\/p>\n<p style=\"text-align: justify;\">Por otra parte, las unidades deben acostumbrarse a romper su org\u00e1nica tradicional, formar los agrupamientos t\u00e1cticos adaptados a cada misi\u00f3n con integraci\u00f3n de Zapadores, Carros y elementos mecanizados, y familiarizarse a utilizar procedimientos especiales y material no habitual.<\/p>\n<p style=\"text-align: justify;\"><strong>En pocas palabras:<\/strong><\/p>\n<p style=\"text-align: justify;\">Instrucci\u00f3n completa, continuada, realista y precisa en conceptos, criterio y expectativas.<\/p>\n<p style=\"text-align: justify;\">\n","protected":false},"excerpt":{"rendered":"<p>COMBATE EN ZONAS URBANIZADAS &nbsp; El desarrollo de la civilizaci\u00f3n ha creado un creciente n\u00famero de n\u00facleos de poblaci\u00f3n en todo el mundo, adem\u00e1s este crecimiento ha sido especialmente r\u00e1pido en las \u00a0regiones con cierta inestabilidad pol\u00edtica. Constantemente desaparecen bosques y zonas verdes y aparecen zonas urbanizadas. Las zonas urbanizadas estar\u00e1n, por tanto muy presentes [&hellip;]<\/p>\n","protected":false},"author":1,"featured_media":0,"parent":0,"menu_order":0,"comment_status":"closed","ping_status":"closed","template":"","meta":{"ocean_post_layout":"","ocean_both_sidebars_style":"","ocean_both_sidebars_content_width":0,"ocean_both_sidebars_sidebars_width":0,"ocean_sidebar":"","ocean_second_sidebar":"","ocean_disable_margins":"enable","ocean_add_body_class":"","ocean_shortcode_before_top_bar":"","ocean_shortcode_after_top_bar":"","ocean_shortcode_before_header":"","ocean_shortcode_after_header":"","ocean_has_shortcode":"","ocean_shortcode_after_title":"","ocean_shortcode_before_footer_widgets":"","ocean_shortcode_after_footer_widgets":"","ocean_shortcode_before_footer_bottom":"","ocean_shortcode_after_footer_bottom":"","ocean_display_top_bar":"default","ocean_display_header":"default","ocean_header_style":"","ocean_center_header_left_menu":"","ocean_custom_header_template":"","ocean_custom_logo":0,"ocean_custom_retina_logo":0,"ocean_custom_logo_max_width":0,"ocean_custom_logo_tablet_max_width":0,"ocean_custom_logo_mobile_max_width":0,"ocean_custom_logo_max_height":0,"ocean_custom_logo_tablet_max_height":0,"ocean_custom_logo_mobile_max_height":0,"ocean_header_custom_menu":"","ocean_menu_typo_font_family":"","ocean_menu_typo_font_subset":"","ocean_menu_typo_font_size":0,"ocean_menu_typo_font_size_tablet":0,"ocean_menu_typo_font_size_mobile":0,"ocean_menu_typo_font_size_unit":"px","ocean_menu_typo_font_weight":"","ocean_menu_typo_font_weight_tablet":"","ocean_menu_typo_font_weight_mobile":"","ocean_menu_typo_transform":"","ocean_menu_typo_transform_tablet":"","ocean_menu_typo_transform_mobile":"","ocean_menu_typo_line_height":0,"ocean_menu_typo_line_height_tablet":0,"ocean_menu_typo_line_height_mobile":0,"ocean_menu_typo_line_height_unit":"","ocean_menu_typo_spacing":0,"ocean_menu_typo_spacing_tablet":0,"ocean_menu_typo_spacing_mobile":0,"ocean_menu_typo_spacing_unit":"","ocean_menu_link_color":"","ocean_menu_link_color_hover":"","ocean_menu_link_color_active":"","ocean_menu_link_background":"","ocean_menu_link_hover_background":"","ocean_menu_link_active_background":"","ocean_menu_social_links_bg":"","ocean_menu_social_hover_links_bg":"","ocean_menu_social_links_color":"","ocean_menu_social_hover_links_color":"","ocean_disable_title":"default","ocean_disable_heading":"default","ocean_post_title":"","ocean_post_subheading":"","ocean_post_title_style":"","ocean_post_title_background_color":"","ocean_post_title_background":0,"ocean_post_title_bg_image_position":"","ocean_post_title_bg_image_attachment":"","ocean_post_title_bg_image_repeat":"","ocean_post_title_bg_image_size":"","ocean_post_title_height":0,"ocean_post_title_bg_overlay":0.5,"ocean_post_title_bg_overlay_color":"","ocean_disable_breadcrumbs":"default","ocean_breadcrumbs_color":"","ocean_breadcrumbs_separator_color":"","ocean_breadcrumbs_links_color":"","ocean_breadcrumbs_links_hover_color":"","ocean_display_footer_widgets":"default","ocean_display_footer_bottom":"default","ocean_custom_footer_template":"","footnotes":""},"class_list":["post-719","page","type-page","status-publish","hentry","entry"],"yoast_head":"<!-- This site is optimized with the Yoast SEO plugin v27.4 - https:\/\/yoast.com\/product\/yoast-seo-wordpress\/ -->\n<title>CZURB -<\/title>\n<meta name=\"robots\" content=\"index, follow, max-snippet:-1, max-image-preview:large, max-video-preview:-1\" \/>\n<link rel=\"canonical\" href=\"https:\/\/amigosdeltercertercio.com\/web\/czurb\/\" \/>\n<meta property=\"og:locale\" content=\"es_ES\" \/>\n<meta property=\"og:type\" content=\"article\" \/>\n<meta property=\"og:title\" content=\"CZURB -\" \/>\n<meta property=\"og:description\" content=\"COMBATE EN ZONAS URBANIZADAS &nbsp; El desarrollo de la civilizaci\u00f3n ha creado un creciente n\u00famero de n\u00facleos de poblaci\u00f3n en todo el mundo, adem\u00e1s este crecimiento ha sido especialmente r\u00e1pido en las \u00a0regiones con cierta inestabilidad pol\u00edtica. Constantemente desaparecen bosques y zonas verdes y aparecen zonas urbanizadas. Las zonas urbanizadas estar\u00e1n, por tanto muy presentes [&hellip;]\" \/>\n<meta property=\"og:url\" content=\"https:\/\/amigosdeltercertercio.com\/web\/czurb\/\" \/>\n<meta property=\"article:modified_time\" content=\"2014-05-01T10:18:23+00:00\" \/>\n<meta name=\"twitter:card\" content=\"summary_large_image\" \/>\n<meta name=\"twitter:label1\" content=\"Tiempo de lectura\" \/>\n\t<meta name=\"twitter:data1\" content=\"5 minutos\" \/>\n<script type=\"application\/ld+json\" class=\"yoast-schema-graph\">{\"@context\":\"https:\\\/\\\/schema.org\",\"@graph\":[{\"@type\":\"WebPage\",\"@id\":\"https:\\\/\\\/amigosdeltercertercio.com\\\/web\\\/czurb\\\/\",\"url\":\"https:\\\/\\\/amigosdeltercertercio.com\\\/web\\\/czurb\\\/\",\"name\":\"CZURB -\",\"isPartOf\":{\"@id\":\"https:\\\/\\\/amigosdeltercertercio.com\\\/web\\\/#website\"},\"datePublished\":\"2014-04-21T17:27:05+00:00\",\"dateModified\":\"2014-05-01T10:18:23+00:00\",\"breadcrumb\":{\"@id\":\"https:\\\/\\\/amigosdeltercertercio.com\\\/web\\\/czurb\\\/#breadcrumb\"},\"inLanguage\":\"es\",\"potentialAction\":[{\"@type\":\"ReadAction\",\"target\":[\"https:\\\/\\\/amigosdeltercertercio.com\\\/web\\\/czurb\\\/\"]}]},{\"@type\":\"BreadcrumbList\",\"@id\":\"https:\\\/\\\/amigosdeltercertercio.com\\\/web\\\/czurb\\\/#breadcrumb\",\"itemListElement\":[{\"@type\":\"ListItem\",\"position\":1,\"name\":\"Home\",\"item\":\"https:\\\/\\\/amigosdeltercertercio.com\\\/web\\\/\"},{\"@type\":\"ListItem\",\"position\":2,\"name\":\"CZURB\"}]},{\"@type\":\"WebSite\",\"@id\":\"https:\\\/\\\/amigosdeltercertercio.com\\\/web\\\/#website\",\"url\":\"https:\\\/\\\/amigosdeltercertercio.com\\\/web\\\/\",\"name\":\"\",\"description\":\"\",\"potentialAction\":[{\"@type\":\"SearchAction\",\"target\":{\"@type\":\"EntryPoint\",\"urlTemplate\":\"https:\\\/\\\/amigosdeltercertercio.com\\\/web\\\/?s={search_term_string}\"},\"query-input\":{\"@type\":\"PropertyValueSpecification\",\"valueRequired\":true,\"valueName\":\"search_term_string\"}}],\"inLanguage\":\"es\"}]}<\/script>\n<!-- \/ Yoast SEO plugin. -->","yoast_head_json":{"title":"CZURB -","robots":{"index":"index","follow":"follow","max-snippet":"max-snippet:-1","max-image-preview":"max-image-preview:large","max-video-preview":"max-video-preview:-1"},"canonical":"https:\/\/amigosdeltercertercio.com\/web\/czurb\/","og_locale":"es_ES","og_type":"article","og_title":"CZURB -","og_description":"COMBATE EN ZONAS URBANIZADAS &nbsp; El desarrollo de la civilizaci\u00f3n ha creado un creciente n\u00famero de n\u00facleos de poblaci\u00f3n en todo el mundo, adem\u00e1s este crecimiento ha sido especialmente r\u00e1pido en las \u00a0regiones con cierta inestabilidad pol\u00edtica. Constantemente desaparecen bosques y zonas verdes y aparecen zonas urbanizadas. Las zonas urbanizadas estar\u00e1n, por tanto muy presentes [&hellip;]","og_url":"https:\/\/amigosdeltercertercio.com\/web\/czurb\/","article_modified_time":"2014-05-01T10:18:23+00:00","twitter_card":"summary_large_image","twitter_misc":{"Tiempo de lectura":"5 minutos"},"schema":{"@context":"https:\/\/schema.org","@graph":[{"@type":"WebPage","@id":"https:\/\/amigosdeltercertercio.com\/web\/czurb\/","url":"https:\/\/amigosdeltercertercio.com\/web\/czurb\/","name":"CZURB -","isPartOf":{"@id":"https:\/\/amigosdeltercertercio.com\/web\/#website"},"datePublished":"2014-04-21T17:27:05+00:00","dateModified":"2014-05-01T10:18:23+00:00","breadcrumb":{"@id":"https:\/\/amigosdeltercertercio.com\/web\/czurb\/#breadcrumb"},"inLanguage":"es","potentialAction":[{"@type":"ReadAction","target":["https:\/\/amigosdeltercertercio.com\/web\/czurb\/"]}]},{"@type":"BreadcrumbList","@id":"https:\/\/amigosdeltercertercio.com\/web\/czurb\/#breadcrumb","itemListElement":[{"@type":"ListItem","position":1,"name":"Home","item":"https:\/\/amigosdeltercertercio.com\/web\/"},{"@type":"ListItem","position":2,"name":"CZURB"}]},{"@type":"WebSite","@id":"https:\/\/amigosdeltercertercio.com\/web\/#website","url":"https:\/\/amigosdeltercertercio.com\/web\/","name":"","description":"","potentialAction":[{"@type":"SearchAction","target":{"@type":"EntryPoint","urlTemplate":"https:\/\/amigosdeltercertercio.com\/web\/?s={search_term_string}"},"query-input":{"@type":"PropertyValueSpecification","valueRequired":true,"valueName":"search_term_string"}}],"inLanguage":"es"}]}},"_links":{"self":[{"href":"https:\/\/amigosdeltercertercio.com\/web\/wp-json\/wp\/v2\/pages\/719","targetHints":{"allow":["GET"]}}],"collection":[{"href":"https:\/\/amigosdeltercertercio.com\/web\/wp-json\/wp\/v2\/pages"}],"about":[{"href":"https:\/\/amigosdeltercertercio.com\/web\/wp-json\/wp\/v2\/types\/page"}],"author":[{"embeddable":true,"href":"https:\/\/amigosdeltercertercio.com\/web\/wp-json\/wp\/v2\/users\/1"}],"replies":[{"embeddable":true,"href":"https:\/\/amigosdeltercertercio.com\/web\/wp-json\/wp\/v2\/comments?post=719"}],"version-history":[{"count":22,"href":"https:\/\/amigosdeltercertercio.com\/web\/wp-json\/wp\/v2\/pages\/719\/revisions"}],"predecessor-version":[{"id":1643,"href":"https:\/\/amigosdeltercertercio.com\/web\/wp-json\/wp\/v2\/pages\/719\/revisions\/1643"}],"wp:attachment":[{"href":"https:\/\/amigosdeltercertercio.com\/web\/wp-json\/wp\/v2\/media?parent=719"}],"curies":[{"name":"wp","href":"https:\/\/api.w.org\/{rel}","templated":true}]}}